{"id":68,"date":"2021-05-11T13:54:27","date_gmt":"2021-05-11T11:54:27","guid":{"rendered":"http:\/\/spradzanowo.pl\/?page_id=68"},"modified":"2025-10-02T12:25:43","modified_gmt":"2025-10-02T10:25:43","slug":"rodo","status":"publish","type":"page","link":"https:\/\/spradzanowo.pl\/?page_id=68","title":{"rendered":"RODO"},"content":{"rendered":"<p>[et_pb_section fb_built=&#8221;1&#8243; _builder_version=&#8221;4.7.5&#8243; _module_preset=&#8221;default&#8221;][et_pb_row _builder_version=&#8221;4.7.5&#8243; _module_preset=&#8221;default&#8221;][et_pb_column type=&#8221;4_4&#8243; _builder_version=&#8221;4.7.5&#8243; _module_preset=&#8221;default&#8221;][et_pb_text _builder_version=&#8221;4.7.5&#8243; _module_preset=&#8221;default&#8221; text_font=&#8221;Abel||||||||&#8221; text_text_color=&#8221;#8300e9&#8243; text_font_size=&#8221;51px&#8221; text_letter_spacing=&#8221;19px&#8221; text_line_height=&#8221;2em&#8221; header_font=&#8221;|||on|||||&#8221; header_text_color=&#8221;#8300e9&#8243; header_font_size=&#8221;62px&#8221; filter_hue_rotate=&#8221;41deg&#8221; filter_saturate=&#8221;132%&#8221; filter_brightness=&#8221;73%&#8221; filter_contrast=&#8221;91%&#8221; mix_blend_mode=&#8221;color-burn&#8221; text_text_shadow_style=&#8221;preset5&#8243; header_text_shadow_style=&#8221;preset1&#8243; header_text_shadow_horizontal_length=&#8221;0.11em&#8221; header_text_shadow_vertical_length=&#8221;0.15em&#8221; header_text_shadow_blur_strength=&#8221;0.15em&#8221; border_width_all=&#8221;3px&#8221; border_color_all=&#8221;#8300e9&#8243;]<\/p>\n<h1 style=\"text-align: center;\"><a href=\"https:\/\/spradzanowo.pl\/wp-content\/uploads\/2021\/11\/rooodooo.pdf\" rel=\"attachment wp-att-554\">&gt;&gt; RODO &lt;&lt;<\/a><\/h1>\n<p>[\/et_pb_text][et_pb_text _builder_version=&#8221;4.7.5&#8243; _module_preset=&#8221;default&#8221; header_text_color=&#8221;#000000&#8243;]<\/p>\n<div id=\"page-zones__main-widgets__5d95a86040733\" data-name=\"content\" class=\"content widget js-widget\" data-uniqueid=\"6zyb6yQLigTk2ZY\" data-parentuniqueid=\"C0s8OwiFxxAGsdA\">\n<div class=\"bk-content-text js-text-content   wysihtml-editor-content\">\n<h3><span>Inspektor ochrony danych osobowych<\/span><\/h3>\n<h3><b>Konrad Matl\u0119ga<\/b><\/h3>\n<h4><b>iod@radzanowo.pl<\/b><\/h4>\n<\/div>\n<\/div>\n<div id=\"page-zones__main-widgets__5e3703cf3a193\" data-name=\"content\" class=\"content widget js-widget\" data-uniqueid=\"ddtKMv3ExEduyxq\" data-parentuniqueid=\"C0s8OwiFxxAGsdA\">\n<div class=\"bk-content-text js-text-content   wysihtml-editor-content\">\n<h3><span>KLAUZULA INFORMACYJNA<\/span><\/h3>\n<p>&nbsp;<\/p>\n<p>&nbsp;<\/p>\n<p><u>Zgodnie z art. 13 og\u00f3lnego rozporz\u0105dzenia o ochronie danych osobowych z dnia 27 kwietnia 2016 r. (Dz. Urz. UE L 119 z 04.05.2016) informuj\u0119, i\u017c:<\/u><u>\u00a0<\/u><\/p>\n<p>1) \u00a0 \u00a0 Administratorem Pani\/Pana danych osobowych oraz danych dziecka jest Szko\u0142a Podstawowa im. Miko\u0142aja Kopernika w Radzanowie<\/p>\n<p>(adres: 09-451 Radzanowo, ul. Szkolna 16), z kt\u00f3rym mo\u017cna si\u0119 skontaktowa\u0107 telefonicznie pod nr: 24 265 46 52, lub drog\u0105 mailow\u0105<\/p>\n<p>na adres: spradzanowo@op.pl<\/p>\n<p>2) \u00a0 \u00a0 Administrator wyznaczy\u0142a Inspektora Ochrony Danych, z kt\u00f3rym mog\u0105 Pa\u0144stwo skontaktowa\u0107 si\u0119<\/p>\n<p>za po\u015brednictwem poczty elektronicznej:<span>\u00a0<\/span><a href=\"mailto:iod.radzanowo@mkadministrators.pl\">iod@radzanowo.pl<\/a>.<\/p>\n<p>3) \u00a0 \u00a0 Pani\/Pana dane osobowe oraz dane dziecka b\u0119d\u0105 przetwarzane w zwi\u0105zku z realizacj\u0105 ustawowych obowi\u0105zk\u00f3w administratora w zakresie organizacji procesu edukacyjnego i dzia\u0142alno\u015bci opieku\u0144czo \u2013 wychowawczej.<\/p>\n<p>4) \u00a0 \u00a0 Pani\/Pana dane osobowe oraz dane dziecka b\u0119d\u0105 przetwarzane na podstawie przes\u0142anki:<\/p>\n<p>\u00b7 \u00a0 \u00a0 \u00a0 \u00a0 art. 6 ust 1 lit. \u201ec\u201d og\u00f3lnego rozporz\u0105dzenia o ochronie danych osobowych z dnia 27 kwietnia 2016 r., (RODO) &#8211; realizacja obowi\u0105zku prawnego ci\u0105\u017c\u0105cego na administratorze w zwi\u0105zku z ustaw\u0105 z dnia 14 grudnia 2016 r. tj. Prawo O\u015bwiatowe (Dz. U. z 2019, poz. 1148) oraz z Rozporz\u0105dzeniem MEN z dnia 25 sierpnia 2017 r. \u00a0(Dz. U. z 2017, poz. 1646 ze zm.),<\/p>\n<p>\u00b7 \u00a0 \u00a0 \u00a0 \u00a0 art. 9 ust. 2 lit. \u201eg\u201d RODO &#8211; przetwarzanie jest niezb\u0119dne ze wzgl\u0119d\u00f3w zwi\u0105zanych z wa\u017cnym interesem publicznym, na podstawie prawa Unii lub prawa pa\u0144stwa cz\u0142onkowskiego, kt\u00f3re s\u0105 proporcjonalne do wyznaczonego celu, nie naruszaj\u0105 istoty prawa do ochrony danych i przewiduj\u0105 odpowiednie i konkretne \u015brodki ochrony praw podstawowych i interes\u00f3w osoby, kt\u00f3rej dane dotycz\u0105 tj.: w celu zapewnienia dziecku podczas pobytu w szkole odpowiedniej opieki oraz metod opieku\u0144czo-wychowawczych w zwi\u0105zku z art. 155 ustawy z dnia 14 grudnia 2016 r. tj. Prawo O\u015bwiatowe,<\/p>\n<p>\u00b7 \u00a0 \u00a0 \u00a0 \u00a0 art. 6 ust. 1 lit. \u201ee\u201d \u2013 przetwarzanie jest niezb\u0119dne do wykonania zadania realizowanego w interesie publicznym lub w ramach sprawowania w\u0142adzy publicznej powierzonej administratorowi (monitoring wizyjny),<\/p>\n<p>\u00b7 \u00a0 \u00a0 \u00a0 \u00a0 art. 6 ust. 1 lit. \u201ea\u201d RODO \u2013 przetwarzanie odbywa si\u0119 na podstawie wyra\u017conej przez Pa\u0144stwa zgody, w zakresie i celu okre\u015blonym w tre\u015bci zgody (np. wizerunek).<\/p>\n<p>5) \u00a0 \u00a0 Pani\/Pana dane oraz dane dziecka mog\u0105 by\u0107 przekazywane nast\u0119puj\u0105cych odbiorcom i podmiotom przetwarzaj\u0105cym dane osobowe na zlecenie Administratora tj.:<\/p>\n<p>\u00b7 \u00a0 \u00a0 \u00a0 podmioty uprawnione do uzyskania danych osobowych na podstawie przepis\u00f3w prawa,<\/p>\n<p>\u00b7 \u00a0 \u00a0 \u00a0 System Informacji O\u015bwiatowej,<\/p>\n<p>\u00b7 \u00a0 \u00a0 \u00a0 dostawcy us\u0142ug IT oraz oprogramowania u\u017cytkowego,<\/p>\n<p>\u00b7 \u00a0 \u00a0 \u00a0 firmy kurierskie i pozostali dostawcy us\u0142ug pocztowych.<\/p>\n<p>6) \u00a0 \u00a0 Pana\/Pani dane osobowe oraz dane dziecka przechowywane b\u0119d\u0105 w czasie okre\u015blonym przepisami prawa tj.:<\/p>\n<p>\u00b7 \u00a0 \u00a0 \u00a0 \u00a0 w przypadku danych przetwarzanych na podstawie przepis\u00f3w prawa w celach o\u015bwiatowych i dydaktycznych dane b\u0119d\u0105 przetwarzane przez okres wykonywania dzia\u0142alno\u015bci dydaktycznej, wychowawczej i opieku\u0144czej oraz okres, w kt\u00f3rym przepisy ustawy Prawo o\u015bwiatowe lub innych akt\u00f3w prawnych nakazuj\u0105 nam przechowywa\u0107 dokumentacj\u0119. Takie dane mog\u0105 by\u0107 r\u00f3wnie\u017c archiwizowane zgodnie z przepisami ustawy narodowym zasobie archiwalnym i archiwach pa\u0144stwowych przez okres w niej wskazany,<\/p>\n<p>\u00b7 \u00a0 \u00a0 \u00a0 \u00a0 w przypadku danych osobowych w zakresie monitoringu wizyjnego przez okres 3 miesi\u0119cy od momentu zarejestrowania przez system monitoringu wizyjnego,<\/p>\n<p>\u00b7 \u00a0 \u00a0 \u00a0 \u00a0 w przypadku danych osobowych przetwarzanych na podstawie wcze\u015bniej wyra\u017conej zgody dane b\u0119d\u0105 przetwarzane przez okres obowi\u0105zywania zgody tj. do czasu jej wycofania lub up\u0142yni\u0119cia okresu wymienionego w tre\u015bci klauzuli zgody.<\/p>\n<p>7) \u00a0 \u00a0 Posiada Pani\/Pan prawo do \u017c\u0105dania od administratora dost\u0119pu do danych osobowych, prawo do ich sprostowania, usuni\u0119cia lub ograniczenia przetwarzania.<\/p>\n<p>8) \u00a0 \u00a0 Posiada Pani\/Pan r\u00f3wnie\u017c prawo wniesienia skargi do organu nadzorczego jakim jest Prezes Urz\u0119du Ochrony Danych Osobowych z siedzib\u0105 w Warszawie, w przypadku gdy zachodzi powa\u017cne pope\u0142nienie naruszenia bezpiecze\u0144stwa danych osobowych, kt\u00f3re Pa\u0144stwa dotycz\u0105.<\/p>\n<p>9)\u2003\u2003Podanie danych osobowych przez Pani\u0105\/Pana jest obligatoryjne w oparciu o przepisy prawa, a w pozosta\u0142ym zakresie jest dobrowolne na podstawie wcze\u015bniej wyra\u017conej przez Pa\u0144stwa zgody.<\/p>\n<\/div>\n<\/div>\n<p>[\/et_pb_text][\/et_pb_column][\/et_pb_row][\/et_pb_section]<\/p>\n","protected":false},"excerpt":{"rendered":"<p>[et_pb_section fb_built=&#8221;1&#8243; _builder_version=&#8221;4.7.5&#8243; _module_preset=&#8221;default&#8221;][et_pb_row _builder_version=&#8221;4.7.5&#8243; _module_preset=&#8221;default&#8221;][et_pb_column type=&#8221;4_4&#8243; _builder_version=&#8221;4.7.5&#8243; _module_preset=&#8221;default&#8221;][et_pb_text _builder_version=&#8221;4.7.5&#8243; _module_preset=&#8221;default&#8221; text_font=&#8221;Abel||||||||&#8221; text_text_color=&#8221;#8300e9&#8243; text_font_size=&#8221;51px&#8221; text_letter_spacing=&#8221;19px&#8221; text_line_height=&#8221;2em&#8221; header_font=&#8221;|||on|||||&#8221; header_text_color=&#8221;#8300e9&#8243; header_font_size=&#8221;62px&#8221; filter_hue_rotate=&#8221;41deg&#8221; filter_saturate=&#8221;132%&#8221; filter_brightness=&#8221;73%&#8221; filter_contrast=&#8221;91%&#8221; mix_blend_mode=&#8221;color-burn&#8221; text_text_shadow_style=&#8221;preset5&#8243; header_text_shadow_style=&#8221;preset1&#8243; header_text_shadow_horizontal_length=&#8221;0.11em&#8221; header_text_shadow_vertical_length=&#8221;0.15em&#8221; header_text_shadow_blur_strength=&#8221;0.15em&#8221; border_width_all=&#8221;3px&#8221; border_color_all=&#8221;#8300e9&#8243;] &gt;&gt; RODO &lt;&lt; [\/et_pb_text][et_pb_text _builder_version=&#8221;4.7.5&#8243; _module_preset=&#8221;default&#8221; header_text_color=&#8221;#000000&#8243;] Inspektor ochrony danych osobowych Konrad Matl\u0119ga iod@radzanowo.pl KLAUZULA INFORMACYJNA &nbsp; &nbsp; Zgodnie z art. 13 og\u00f3lnego rozporz\u0105dzenia [&hellip;]<\/p>\n","protected":false},"author":1,"featured_media":0,"parent":0,"menu_order":0,"comment_status":"closed","ping_status":"closed","template":"","meta":{"_et_pb_use_builder":"on","_et_pb_old_content":"<!-- wp:divi\/placeholder \/-->","_et_gb_content_width":"","footnotes":""},"class_list":["post-68","page","type-page","status-publish","hentry"],"_links":{"self":[{"href":"https:\/\/spradzanowo.pl\/index.php?rest_route=\/wp\/v2\/pages\/68","targetHints":{"allow":["GET"]}}],"collection":[{"href":"https:\/\/spradzanowo.pl\/index.php?rest_route=\/wp\/v2\/pages"}],"about":[{"href":"https:\/\/spradzanowo.pl\/index.php?rest_route=\/wp\/v2\/types\/page"}],"author":[{"embeddable":true,"href":"https:\/\/spradzanowo.pl\/index.php?rest_route=\/wp\/v2\/users\/1"}],"replies":[{"embeddable":true,"href":"https:\/\/spradzanowo.pl\/index.php?rest_route=%2Fwp%2Fv2%2Fcomments&post=68"}],"version-history":[{"count":7,"href":"https:\/\/spradzanowo.pl\/index.php?rest_route=\/wp\/v2\/pages\/68\/revisions"}],"predecessor-version":[{"id":4970,"href":"https:\/\/spradzanowo.pl\/index.php?rest_route=\/wp\/v2\/pages\/68\/revisions\/4970"}],"wp:attachment":[{"href":"https:\/\/spradzanowo.pl\/index.php?rest_route=%2Fwp%2Fv2%2Fmedia&parent=68"}],"curies":[{"name":"wp","href":"https:\/\/api.w.org\/{rel}","templated":true}]}}

<p>[et_pb_section fb_built=&#8221;1&#8243; _builder_version=&#8221;4.7.5&#8243; _module_preset=&#8221;default&#8221;][et_pb_row _builder_version=&#8221;4.7.5&#8243; _module_preset=&#8221;default&#8221;][et_pb_column type=&#8221;4_4&#8243; _builder_version=&#8221;4.7.5&#8243; _module_preset=&#8221;default&#8221;][et_pb_text _builder_version=&#8221;4.7.5&#8243; _module_preset=&#8221;default&#8221; text_font=&#8221;Abel||||||||&#8221; text_text_color=&#8221;#8300e9&#8243; text_font_size=&#8221;51px&#8221; text_letter_spacing=&#8221;19px&#8221; text_line_height=&#8221;2em&#8221; header_font=&#8221;|||on|||||&#8221; header_text_color=&#8221;#8300e9&#8243; header_font_size=&#8221;62px&#8221; filter_hue_rotate=&#8221;41deg&#8221; filter_saturate=&#8221;132%&#8221; filter_brightness=&#8221;73%&#8221; filter_contrast=&#8221;91%&#8221; mix_blend_mode=&#8221;color-burn&#8221; text_text_shadow_style=&#8221;preset5&#8243; header_text_shadow_style=&#8221;preset1&#8243; header_text_shadow_horizontal_length=&#8221;0.11em&#8221; header_text_shadow_vertical_length=&#8221;0.15em&#8221; header_text_shadow_blur_strength=&#8221;0.15em&#8221; border_width_all=&#8221;3px&#8221; border_color_all=&#8221;#8300e9&#8243;]</p>
<h1 style="text-align: center;"><a href="https://spradzanowo.pl/wp-content/uploads/2021/11/rooodooo.pdf" rel="attachment wp-att-554">&gt;&gt; RODO &lt;&lt;</a></h1>
<p>[/et_pb_text][et_pb_text _builder_version=&#8221;4.7.5&#8243; _module_preset=&#8221;default&#8221; header_text_color=&#8221;#000000&#8243;]</p>
<div id="page-zones__main-widgets__5d95a86040733" data-name="content" class="content widget js-widget" data-uniqueid="6zyb6yQLigTk2ZY" data-parentuniqueid="C0s8OwiFxxAGsdA">
<div class="bk-content-text js-text-content   wysihtml-editor-content">
<h3><span>Inspektor ochrony danych osobowych</span></h3>
<h3><b>Konrad Matlęga</b></h3>
<h4><b>iod@radzanowo.pl</b></h4>
</div>
</div>
<div id="page-zones__main-widgets__5e3703cf3a193" data-name="content" class="content widget js-widget" data-uniqueid="ddtKMv3ExEduyxq" data-parentuniqueid="C0s8OwiFxxAGsdA">
<div class="bk-content-text js-text-content   wysihtml-editor-content">
<h3><span>KLAUZULA INFORMACYJNA</span></h3>
<p>&nbsp;</p>
<p>&nbsp;</p>
<p><u>Zgodnie z art. 13 ogólnego rozporządzenia o ochronie danych osobowych z dnia 27 kwietnia 2016 r. (Dz. Urz. UE L 119 z 04.05.2016) informuję, iż:</u><u> </u></p>
<p>1)     Administratorem Pani/Pana danych osobowych oraz danych dziecka jest Szkoła Podstawowa im. Mikołaja Kopernika w Radzanowie</p>
<p>(adres: 09-451 Radzanowo, ul. Szkolna 16), z którym można się skontaktować telefonicznie pod nr: 24 265 46 52, lub drogą mailową</p>
<p>na adres: spradzanowo@op.pl</p>
<p>2)     Administrator wyznaczyła Inspektora Ochrony Danych, z którym mogą Państwo skontaktować się</p>
<p>za pośrednictwem poczty elektronicznej:<span> </span><a href="mailto:iod.radzanowo@mkadministrators.pl">iod@radzanowo.pl</a>.</p>
<p>3)     Pani/Pana dane osobowe oraz dane dziecka będą przetwarzane w związku z realizacją ustawowych obowiązków administratora w zakresie organizacji procesu edukacyjnego i działalności opiekuńczo – wychowawczej.</p>
<p>4)     Pani/Pana dane osobowe oraz dane dziecka będą przetwarzane na podstawie przesłanki:</p>
<p>·         art. 6 ust 1 lit. „c” ogólnego rozporządzenia o ochronie danych osobowych z dnia 27 kwietnia 2016 r., (RODO) &#8211; realizacja obowiązku prawnego ciążącego na administratorze w związku z ustawą z dnia 14 grudnia 2016 r. tj. Prawo Oświatowe (Dz. U. z 2019, poz. 1148) oraz z Rozporządzeniem MEN z dnia 25 sierpnia 2017 r.  (Dz. U. z 2017, poz. 1646 ze zm.),</p>
<p>·         art. 9 ust. 2 lit. „g” RODO &#8211; przetwarzanie jest niezbędne ze względów związanych z ważnym interesem publicznym, na podstawie prawa Unii lub prawa państwa członkowskiego, które są proporcjonalne do wyznaczonego celu, nie naruszają istoty prawa do ochrony danych i przewidują odpowiednie i konkretne środki ochrony praw podstawowych i interesów osoby, której dane dotyczą tj.: w celu zapewnienia dziecku podczas pobytu w szkole odpowiedniej opieki oraz metod opiekuńczo-wychowawczych w związku z art. 155 ustawy z dnia 14 grudnia 2016 r. tj. Prawo Oświatowe,</p>
<p>·         art. 6 ust. 1 lit. „e” – przetwarzanie jest niezbędne do wykonania zadania realizowanego w interesie publicznym lub w ramach sprawowania władzy publicznej powierzonej administratorowi (monitoring wizyjny),</p>
<p>·         art. 6 ust. 1 lit. „a” RODO – przetwarzanie odbywa się na podstawie wyrażonej przez Państwa zgody, w zakresie i celu określonym w treści zgody (np. wizerunek).</p>
<p>5)     Pani/Pana dane oraz dane dziecka mogą być przekazywane następujących odbiorcom i podmiotom przetwarzającym dane osobowe na zlecenie Administratora tj.:</p>
<p>·       podmioty uprawnione do uzyskania danych osobowych na podstawie przepisów prawa,</p>
<p>·       System Informacji Oświatowej,</p>
<p>·       dostawcy usług IT oraz oprogramowania użytkowego,</p>
<p>·       firmy kurierskie i pozostali dostawcy usług pocztowych.</p>
<p>6)     Pana/Pani dane osobowe oraz dane dziecka przechowywane będą w czasie określonym przepisami prawa tj.:</p>
<p>·         w przypadku danych przetwarzanych na podstawie przepisów prawa w celach oświatowych i dydaktycznych dane będą przetwarzane przez okres wykonywania działalności dydaktycznej, wychowawczej i opiekuńczej oraz okres, w którym przepisy ustawy Prawo oświatowe lub innych aktów prawnych nakazują nam przechowywać dokumentację. Takie dane mogą być również archiwizowane zgodnie z przepisami ustawy narodowym zasobie archiwalnym i archiwach państwowych przez okres w niej wskazany,</p>
<p>·         w przypadku danych osobowych w zakresie monitoringu wizyjnego przez okres 3 miesięcy od momentu zarejestrowania przez system monitoringu wizyjnego,</p>
<p>·         w przypadku danych osobowych przetwarzanych na podstawie wcześniej wyrażonej zgody dane będą przetwarzane przez okres obowiązywania zgody tj. do czasu jej wycofania lub upłynięcia okresu wymienionego w treści klauzuli zgody.</p>
<p>7)     Posiada Pani/Pan prawo do żądania od administratora dostępu do danych osobowych, prawo do ich sprostowania, usunięcia lub ograniczenia przetwarzania.</p>
<p>8)     Posiada Pani/Pan również prawo wniesienia skargi do organu nadzorczego jakim jest Prezes Urzędu Ochrony Danych Osobowych z siedzibą w Warszawie, w przypadku gdy zachodzi poważne popełnienie naruszenia bezpieczeństwa danych osobowych, które Państwa dotyczą.</p>
<p>9)  Podanie danych osobowych przez Panią/Pana jest obligatoryjne w oparciu o przepisy prawa, a w pozostałym zakresie jest dobrowolne na podstawie wcześniej wyrażonej przez Państwa zgody.</p>
</div>
</div>
<p>[/et_pb_text][/et_pb_column][/et_pb_row][/et_pb_section]</p>

<p>[et_pb_section fb_built=&#8221;1&#8243; _builder_version=&#8221;4.7.5&#8243; _module_preset=&#8221;default&#8221;][et_pb_row _builder_version=&#8221;4.7.5&#8243; _module_preset=&#8221;default&#8221;][et_pb_column type=&#8221;4_4&#8243; _builder_version=&#8221;4.7.5&#8243; _module_preset=&#8221;default&#8221;][et_pb_text _builder_version=&#8221;4.7.5&#8243; _module_preset=&#8221;default&#8221; text_font=&#8221;Abel||||||||&#8221; text_text_color=&#8221;#8300e9&#8243; text_font_size=&#8221;51px&#8221; text_letter_spacing=&#8221;19px&#8221; text_line_height=&#8221;2em&#8221; header_font=&#8221;|||on|||||&#8221; header_text_color=&#8221;#8300e9&#8243; header_font_size=&#8221;62px&#8221; filter_hue_rotate=&#8221;41deg&#8221; filter_saturate=&#8221;132%&#8221; filter_brightness=&#8221;73%&#8221; filter_contrast=&#8221;91%&#8221; mix_blend_mode=&#8221;color-burn&#8221; text_text_shadow_style=&#8221;preset5&#8243; header_text_shadow_style=&#8221;preset1&#8243; header_text_shadow_horizontal_length=&#8221;0.11em&#8221; header_text_shadow_vertical_length=&#8221;0.15em&#8221; header_text_shadow_blur_strength=&#8221;0.15em&#8221; border_width_all=&#8221;3px&#8221; border_color_all=&#8221;#8300e9&#8243;] &gt;&gt; RODO &lt;&lt; [/et_pb_text][et_pb_text _builder_version=&#8221;4.7.5&#8243; _module_preset=&#8221;default&#8221; header_text_color=&#8221;#000000&#8243;] Inspektor ochrony danych osobowych Konrad Matlęga iod@radzanowo.pl KLAUZULA INFORMACYJNA &nbsp; &nbsp; Zgodnie z art. 13 ogólnego rozporządzenia [&hellip;]</p>
